ed by d.
10
Suppose -10*k - 12869 + 13109 = 0. Let m(q) = q**2 - 6*q + 3. Let o be m(-9). Suppose -2*t + o = -0*t. Calculate the remainder when t is divided by k.
21
Let w be -132 - (0 + 12/2). Let c = 421 - w. Calculate the remainder when c is divided by 51.
49
Let i be 24/(-9)*(-228)/8. Let q = i + -74. Suppose q*o - 1 = -9, 0 = 3*w - 2*o - 110. What is the remainder when 235 is divided by w?
31
Let w(i) = -14*i + 119. Let t be w(8). Calculate the remainder when 199 is divided by (-204)/238 - (-475)/t.
65
Suppose -1497 = -9*p + 794 + 337. Calculate the remainder when 834 is divided by p.
250
Let s = -122 - -167. What is the remainder when (123/15)/(9/s) is divided by 14?
13
Suppose -71*l - 33 = -392 - 138. Let f(w) = w**3 - w**2 - 5*w + 2. Calculate the remainder when l is divided by f(3).
2
Suppose 5*u - 94 = -5*d + 481, -625 = -5*d + 5*u. What is the remainder when d is divided by 22?
10
Let o = 1869 + -1369. What is the remainder when o is divided by 8?
4
Suppose -10*h + 24 = -13*h, 5*h = -5*w + 49275. Calculate the remainder when w is divided by 33.
29
Suppose 0 = -4*w + 4, -2*z - 2*w + 4*w = -242. Suppose -376*t + 382*t = 4578. Suppose t = 39*u - 446. What is the remainder when z is divided by u?
29
Let a(x) = 32*x - 5. Let n be a(1). Suppose 3*h + 51 = 8*h - 4*m, -h + n = -5*m. Calculate the remainder when 14 is divided by (-6)/h*112/(-8).
2
Let t(j) = -2*j + 33. Let s = 370 - 355. Calculate the remainder when t(-11) is divided by s.
10
What is the remainder when 4407/(-234)*8*(0 + -3) is divided by 2?
0
Suppose 2*n = 5*c + 34, -357*n + 2*c - 8 = -358*n. Suppose 4*i - 665 = 571. Calculate the remainder when i is divided by n.
9
Let b = -18 + 36. Let c = b + -3. What is the remainder when c is divided by (2/8 + 39/(-12))*-3?
6
Suppose 0 = 18*i + 21*i - 3*i - 684. What is the remainder when 25780 is divided by i?
16
Suppose 3*a = 3*z + 1422, a - 5*z = -3*a + 1893. Suppose 3*r - x - 189 = 0, -21961*x + 36 = -21965*x. Calculate the remainder when a is divided by r.
57
Suppose 0 = 4*a + 82*i - 79*i - 21, -4*a + 23 = i. What is the remainder when 1216 is divided by a?
4
Let d(u) = 6*u**2 + u**3 - u**2 - u**2 + 52*u + 3 - 2*u**3. What is the remainder when 200 is divided by d(-6)?
47
Let s = 849050 - 848829. Let j(y) = 8*y + 1. Calculate the remainder when s is divided by j(3).
21
Suppose -4*z = -1307 - 1213. Let d = -550 + z. Calculate the remainder when d is divided by 18.
8
Suppose -3*n + 13*v = 11*v + 22, 5*n = -3*v - 24. What is the remainder when 97/18*-3*n is divided by 4?
1
Let o = 83 - 95. Let t(n) = 1. Let x(k) = 6*k + 25. Let j(b) = -4*t(b) - x(b). What is the remainder when j(o) is divided by 11?
10
Suppose -5*a - 1155 = -24*g + 20*g, 5*a + 1155 = g. Let i = 314 + a. Suppose 4*o - 25 = 59. Calculate the remainder when i is divided by o.
20
Let p = -4141 + 4319. What is the remainder when p is divided by (-3)/(-4) - 181/(-4)?
40
Suppose 0 = -19*v + 62*v - 731. Calculate the remainder when 198 is divided by 153/(v - 8)*1.
11
Let u(g) = -g**3 - 15*g**2 + 39*g + 122. What is the remainder when 12351 is divided by u(-17)?
30
Let a(b) = 4*b - 17. Let m(h) = -9*h + 35. Let d(q) = -7*a(q) - 3*m(q). Let g be d(8). Suppose 6 - 174 = -g*w. What is the remainder when 48 is divided by w?
20
Suppose -5*j + 1086 = 164*b - 162*b, -j - b = -219. What is the remainder when j is divided by 157?
59
Suppose -2*n + 3*x - 5 = 0, -x - 16 = -5*n - 3*x. Suppose -3*z - 100 = n*z. Let c = -19 - z. Calculate the remainder when 5 is divided by c.
0
What is the remainder when 6/14 - ((-359052)/210 - (-24)/(-30)) is divided by 101?
95
Suppose 38*z - 2659 - 2699 = 0. Calculate the remainder when 1121 is divided by z.
134
Let l(w) = -2*w**2 + 20*w + 366. Suppose 6*q - 5*q = 134. Suppose 0 = r + 44 - q. What is the remainder when r is divided by l(-9)?
18
Suppose -4*m + 5*f + 195 = 0, -4*m + 2*m = -5*f - 105. Suppose -4*r = -t + 29, -37 = -4*t - r + 11. What is the remainder when m is divided by t?
6
Suppose -31*l + 38*l - 84 = 0. Calculate the remainder when 15 is divided by 99/l - 54/(-72).
6
Let z be ((-16)/48)/(1 + 20/(-18)). Let t be ((-3)/2)/(z/(-6)). Suppose -1 = -t*u + 29. Calculate the remainder when 107 is divided by u.
7
Suppose 5*n = 3*z + 8, -5*n - 4*z = -0*z - 36. Suppose 4*f + 6 + 6 = -5*o, -n*o + 16 = 0. What is the remainder when 49 is divided by 4*(11/4 - 4/f)?
10
Suppose 3*t - 5*u = 2137, 3*u - 4206 + 633 = -5*t. Suppose t = 5*d + 229. Calculate the remainder when 580 is divided by d.
95
Suppose -4462 = 26*i + 3546. Let s = 347 + i. What is the remainder when s is divided by 10?
9
Suppose 156 = t + 3*x - 237, 0 = -5*t + 4*x + 1908. What is the remainder when t is divided by 352?
32
Suppose q + 4*u + 12 = 0, -5*u = q + 10 + 4. What is the remainder when 164 is divided by (-81)/(-4) + (-3)/q?
17
Let n(j) = 12*j**2 - 4669*j - 4287. Let b = -17 - -75. What is the remainder when b is divided by n(390)?
1
Let j(m) = -19*m + 1137. What is the remainder when 51 is divided by j(58)?
16
Suppose -28*x = -44*x - 35*x + 105723. Calculate the remainder when x is divided by 189.
183
Let b(c) = 36*c - 12 + 2*c + 9*c**2 - 82*c - 116*c + 4. Let f = 90 - -18. Calculate the remainder when f is divided by b(18).
24
Let v = 8520 + -6022. Calculate the remainder when v is divided by 139.
135
Let s = 153 + -50. Suppose -25 = -i + s. Suppose 3*w - 149 = -5*j, -5*j - w + i = -5*w. What is the remainder when j is divided by 16?
12
Suppose 30*d - 2*d - 43652 = 0. Suppose 0 = 31*o - 5248 + d. Suppose 5*h - 21 = 34. What is the remainder when o is divided by h?
9
Let c(v) = -v**2 + 18*v + 6. Suppose -2*w + 4*n = 0, -4*w + 3*n = -w - 9. Let f be c(w). Let y = f - 41. What is the remainder when 70 is divided by y?
33
Let t(h) = -63 - 5*h**2 + h + 75 + h**3 + 13*h**2 + 0*h**3. Let s(r) = 14*r. What is the remainder when t(-7) is divided by s(1)?
12
Suppose -8*t = -22*t + 6916. Let u = 524 - t. Suppose 2*a + 3*a = 295. Calculate the remainder when a is divided by u.
29
Let q(j) = j**2 - 6*j + 1. Suppose -2*z - n = n - 12, z = -4*n + 6. What is the remainder when (-9 - -8)/(1/(-3)) is divided by q(z)?
0
Let t = -88 + 209. Calculate the remainder when t is divided by ((-1517)/(-111) + -14)*(-80 - 1).
13
Let a be (7 + -3 - 35)*-4. Let o = a + -64. What is the remainder when o is divided by 14?
4
Let m = -16976 - -17206. What is the remainder when 1013 is divided by m?
93
Let k(y) = -3*y**3 - 32*y**2 + 11*y + 28. What is the remainder when 92 is divided by k(-11)?
8
Let k(n) = 4*n - 11. Suppose 0 = -14*d + d + 52. Calculate the remainder when 12 is divided by k(d).
2
Let z(i) be the third derivative of -i**5/60 - 5*i**4/12 + 7*i**3/6 + 45*i**2. Suppose 0 = -4*y - 0*y - 32. What is the remainder when z(y) is divided by 12?
11
Let a(j) = -j**2 + 11*j + 24. Let y(s) = -2*s**2 + 11*s + 23. Let g(w) = 3*a(w) - 2*y(w). Calculate the remainder when g(-8) is divided by 3*-2*2/(-6).
0
Let j(u) = 32*u + 2*u + 28 + 155. Calculate the remainder when 206 is divided by j(-5).
11
Calculate the remainder when 121 is divided by 450/72*28/10*(-24)/(-30).
9
Suppose 5*x = 11*t - 17*t + 40956, -2*t + x + 13668 = 0. What is the remainder when t is divided by 34?
31
Suppose w = 4*w - 330. Calculate the remainder when w is divided by (14/4*72/60)/((-90)/(-300)).
12
Suppose 26*l + 33*l = 1711. Calculate the remainder when 122 is divided by l.
6
Suppose 0 = b + 4*o - 4, 4*o = b - 5*b + 4. Let i(m) = m**2 + m - 3. Let w be i(-3). Let n = w + b. Calculate the remainder when 22 is divided by n.
1
Let d = 29 - -5. Let k(h) = 29*h - 77. Let x(o) = -o**2 + 9*o - 8. Let j be x(7). What is the remainder when k(j) is divided by d?
29
Suppose 0 = -m - c + 41, 4*m - 161 = -3*c - 0*c. Let w = m - 32. Suppose 9 = 2*p - 9. Calculate the remainder when p is divided by w.
3
Let d = 155223 - 155142. What is the remainder when (-15 - 1)/(2/(-31)) is divided by d?
5
Suppose 63*f + 164137 = 448330. Calculate the remainder when f is divided by 61.
58
Suppose -18 - 27 = -5*c + 5*f, -4*f = 3*c - 62. Suppose 5*m - d - 161 = -0*m, -5*d = -20. Suppose -z + m = 7. What is the remainder when z is divided by c?
12
Let g(s) = 22*s**2 + 2. Calculate the remainder when g(-2) is divided by -11 - (28/(-6) + 9416/(-321)).
21
Let j be -4 +